 4*m - 3*j = -7*j - 4, -j = 4*m - 5. Let f(h) = 2 + 6*h**2 - 2*h - 11*h**2 + 6*h**m. Give f(g).
26
Let q(z) = 6 - 14*z - 103*z**2 + z + 148*z**3 - 147*z**3 + 92*z**2. Determine q(12).
-6
Let a(b) = 2*b**2 - 4*b + 3. Suppose 3*j = -2*i - 5, 3*j - 12 = 5*j - 3*i. Let c = 28 + -17. Let s be (j/(-4))/(c/44). Calculate a(s).
9
Let z be ((-11)/55 + (-41)/(-5))/1. Let x(s) be the first derivative of -1/4*s**4 - 3 + 3*s**3 + 11*s - 9/2*s**2. Determine x(z).
3
Let c(a) = a - 2. Let h(y) = -2*y**2 + 11*y - 10. Let j be h(4). Suppose p + 1 = 8. Suppose j*z + 37 = -5*v, z + 8 = -2*v - p. Determine c(v).
-9
Let c(w) = -135*w**2 + 136*w**2 + 441*w - 443*w + 7*w**3. Let r(f) = f**3 + 2*f**2 + f. Let b be r(-2). Determine c(b).
-48
Let g be (-53)/(-318) - 43/6. Suppose 2*x - x = 10. Let l(z) = 2 + x + 7*z - 2 - z**3 - z**2 - 5*z**2. Determine l(g).
10
Let s(x) = 3*x**2 + 9261619*x + 2 - 7*x**2 - 9261623*x. Give s(2).
-22
Let v(j) = -63*j**2 + 5*j + 13. Let h(q) = 7*q**2 - q - 2. Let f(o) = -6*h(o) - v(o). Calculate f(-1).
19
Suppose 22*v - 26*v = 2*n, -3*v + 4*n + 22 = 0. Let y(s) be the first derivative of 2*s - 1/4*s**4 - s**3 + 1 + 0*s**v. What is y(-3)?
2
Let k(i) = -548*i**2 - 90*i - 89 - 23 - 543*i**2 + 1093*i**2. Determine k(46).
-20
Let i(j) = -4*j + 3. Let m = 37 - 57. Let a = m + 18. Let c be 81/36 - a/(-8). Give i(c).
-5
Let b(o) be the second derivative of 17*o**4/12 + o**3/3 - 3*o**2/2 - 993*o. What is b(2)?
69
Let c(h) = h + 6*h**2 - 7*h**2 + 0*h**2 + 45 - 8*h. Calculate c(-11).
1
Let n be (-1 + 0)*(-25)/5. Let r(x) = -6*x - 2. Let u(c) = -11*c - 2. Let s(h) = n*r(h) - 3*u(h). What is s(4)?
8
Let q(r) be the first derivative of -17*r**2/2 + 68*r - 843. What is q(4)?
0
Let k(n) = -2*n + 5*n + 3*n + 4*n + 6 - 5*n. Suppose 4*o + 4*l = 0, 6*l - 3*l = 2*o + 20. Give k(o).
-14
Let x(v) = 859*v**3 - 33*v**2 + 19*v**2 - 1710*v**3 + 852*v**3 + 113 - 78*v. What is x(18)?
5
Let z(f) = -139*f - 128*f + 136 + 466*f - 160*f. What is z(-4)?
-20
Let x = -904 - -912. Let y(q) = -q**2 + 11*q + 6. What is y(x)?
30
Let d(b) = -b**3 - 6*b**2 + 5*b + 9. Let h be (8 - 5) + 0 + 31. Suppose 0 = -4*m + 4*q - 24, 30*m - 24 = h*m - q. Calculate d(m).
-21
Suppose 5*d = 5*n - 35, -5*n = 4*d - 20 + 3. Suppose -5*j - 3 = -13. Let g(m) = -2*m + j - 7 + 3*m - 2. Calculate g(n).
-2
Let x(y) = 450 - 90997*y - 137 + 91007*y. What is x(-30)?
13
Suppose 2*l + 9 = 29. Suppose -2*j - 8 = -l. Let v(z) = -7*z**2 + 2*z - 1. Give v(j).
-6
Let a(p) = -44*p**3 - 2*p**2 + p + 2. Suppose -108 = -32*z - 140. Calculate a(z).
43
Let m(l) be the second derivative of 12*l - 1/12*l**4 + 3 + l**2 - 1/6*l**3. Determine m(-3).
-4
Suppose 4*i - 33 = -21, -5*i = -a - 27. Let z(f) = f**2 + 2*f - 24. Determine z(a).
96
Let l(b) be the third derivative of b**5/20 - 5*b**4/24 - b**3/3 - 4627*b**2 + 2. Calculate l(-3).
40
Let y(h) = h - 8. Let l(x) = 11*x - 5. Let d be 2 + -4 + 1 + 39/13. Let o be d/(-5)*(-45)/18. Let z be l(o). Determine y(z).
-2
Suppose -r + 3*f + 12 = -15, -4*f = 2*r - 4. Let o be (0/(-6))/(-6*(-5)/30). Suppose r*s - 9*s = -2*m + 19, o = s + 5*m - 2. Let h(n) = n. Determine h(s).
7
Suppose 2*f = -2*j - 18, -4*f - 3 = -2*f - j. Let r(y) be the third derivative of -y**6/120 - y**5/15 - y**4/24 - y**3/6 - 44731*y**2. What is r(f)?
3
Let f be (-1 + 3)*(40 - 3). Let d = -48 + f. Suppose 5*n = 2*t - 22, -t = 3*n + t + d. Let w(u) = u**3 + 5*u**2 - 10*u - 8. Calculate w(n).
16
Suppose -4*a - 4*y + 24 = 0, 5*y + 36 = 3*a + 2*y. Suppose a*k + 10 = -44. Let u(v) = -v**2 - 9*v - 4. Calculate u(k).
14
Let h = 613 + -604. Let o(y) = 1 + 4 + 10*y - 1 - h*y. What is o(-3)?
1
Let f(n) = 3*n - 85. Let y be (-32)/(-240)*145*3/2. Determine f(y).
2
Suppose -13097*x + 13098*x - 3 = f, -f = x + 5. Let t(m) = 2*m**2 - 6*m + 4. Let h(n) = n**2 - 5*n + 3. Let o(k) = -3*h(k) + 2*t(k). Calculate o(f).
3
Suppose -9*j + 28 = -8. Let m(n) = 3 + 2*n**2 + 4*n**3 - 6 + j + 10*n - 8*n. Calculate m(-1).
-3
Let h = 661 + -670. Let f(p) = -p**3 - 9*p**2 + p - 4. Give f(h).
-13
Suppose -4*j - 5*z + 8 = 0, j - 23 + 20 = -z. Let l(b) = b**2 - 8*b + 17. Calculate l(j).
10
Suppose -3*y = 11 + 7. Let h(i) = 7*i**3 + 2*i**2 - 6*i + 5. Let w(m) = -m**2 - 67 - m**3 + 25 + m + 41. Let n(d) = y*w(d) - h(d). What is n(3)?
10
Let g(p) = 262*p**3 - 508*p**3 + 244*p**3 - 5*p - 14. Give g(-2).
12
Let v(r) = -52*r + 106. Let m be v(2). Let s(t) = -2*t**3 + 6*t - 3. Determine s(m).
-7
Let g(w) be the first derivative of w**4/4 - 5*w**2/2 - 4*w - 2. Suppose 3*r = 5*b + 21, 31*b = -2*r + 32*b. Calculate g(r).
-16
Let t(p) = 14*p**3 - p + 23 - 5 - 36*p**3 + 8*p**2 - 30*p**2 + 23*p**3. Calculate t(22).
-4
Let r be 2/10 + (-123)/15. Let c(g) = g**2 - 8*g + 10. Let z be c(7). Let d(q) = 1 + 2*q + 0*q + 2 + z. Give d(r).
-10
Suppose 31*t - 79 - 14 = 0. Let j(d) = -6*d**2 - d - 7*d**2 - 2*d**3 - t*d**3 - 24 + 4*d**3 + 12*d**2. What is j(0)?
-24
Let c(k) = -k - 21. Let n = -348 - -370. Suppose 0 = -2*o, 0*s = s + o + n. Calculate c(s).
1
Let h(w) be the second derivative of -w**4/12 - 7*w**3/6 - 4*w**2 + w. Let x be 910/(-2730) - 17/3. Give h(x).
-2
Suppose -2*n + 44 = -5*x, -8*x - 27 = 7*n - 4*n. Let h(m) = -m**2 - 16*m - 53. Calculate h(x).
7
Let x(j) = -j**2 + 8*j - 14. Let q = 1904 + -1897. What is x(q)?
-7
Let n(m) be the third derivative of -m**4/6 - 5*m**3/2 - m**2. Let q = -47731 + 47721. Determine n(q).
25
Let l be -18 + 5 + 10/((-90)/117). Let m(i) = -17*i - 441. Calculate m(l).
1
Let l = 5797 + -5797. Let c(z) = z**2 - 4*z + 25. What is c(l)?
25
Let r(u) = -2*u**2 + 2. Let g be r(0). Let a(n) = -3*n**2 + 2*n**2 - 2*n**2 + 4*n**g. Calculate a(4).
16
Suppose 3*r = -x + 60 - 29, -4*x - 46 = -5*r. Let a(b) = -2*b + 7. Calculate a(r).
-13
Let s(v) be the first derivative of v**4/4 + 16*v**3/3 - 3*v**2/2 - 22*v - 333. Give s(-16).
26
Let g(f) = -f**2 + 4*f - 1. Let o = -603 - -779. Let s be o/30 - 76/(-570). Give g(s).
-13
Let x(s) = -2*s. Let q(w) = 2*w. Let i(p) = 7*q(p) + 6*x(p). Suppose 3*b = -2*d + 1069, -4*d - 1136 = 5*b - 3271. Let t = d + -528. Calculate i(t).
4
Let q(u) = -u + 81. Let r be q(75). Suppose 4*m - 8 = -0*m - 4*z, 3*m = -2*z + 6. Let k(x) = 1 + 0*x**2 - 2*x + 9*x**2 + 0*x - x**3 - 3*x**m. Calculate k(r).
-11
Let v = 63 - 71. Let c = v - -13. Let q(k) be the second derivative of -k**3/3 - 3*k**2/2 + k + 3. Calculate q(c).
-13
Let x(z) = -z**2 - 3. Let r = 188 - 175. Suppose g + 5*f - 20 = -5, 2*f = g + r. Determine x(g).
-28
Let w(t) = -2*t + 4. Suppose -3*l + 4*j = -60, -3*l - j - j + 60 = 0. Let b = l - 18. Suppose -c + b*y + 17 = 0, -6*c - 2*y + 25 = -c. Calculate w(c).
-10
Let n(x) be the third derivative of x**4/24 - x**3/3 + 15*x**2. Suppose -5*f + 754 = 8*f. Let z = f + -51. Determine n(z).
5
Let j(a) = 10*a + 494 + 529 - 1827 + 413. Calculate j(38).
-11
Let t(b) = -b + 5. Suppose -6*c - 30 = -90. Suppose c*r - 75 = 25. Calculate t(r).
-5
Let s(a) = 2*a - 34. Let g = -16702 - -16689. What is s(g)?
-60
Let b(c) = c**2 + c - 4. Suppose -3*v - 4 = -u, 5*v - 2*u - 4 = -10. What is b(v)?
-2
Let h(y) = 2*y - 3. Suppose -5*g = 5*o + 10, -293*g + 296*g = 3*o + 18. Determine h(g).
1
Let i be (-2260)/(-8)*(-8)/(-20). Let c(s) = -i*s + 114*s - 1 + 4. Calculate c(-4).
-1
Let k(b) be the second derivative of 2*b**3/3 - 14*b**2 - 4747*b + 3. Let s = 15 - 6. What is k(s)?
8
Let g = -97 - -103. Suppose -y - 2 = -g. Let k(h) = 4 + y*h + 11 - 10. Determine k(-4).
-11
Let i = -590 - -578. Let h(p) = p**2 + 10*p + 14. Let y(t) = 3*t**2 + 31*t + 42. Let s(l) = -8*h(l) + 3*y(l). Give s(i).
2
Suppose -4*u = 2*u - 24. Suppose -4 - 12 = 3*a + 2*y, 0 = u*a - 4*y - 12. Let k be (-1 + 3)/((3/a)/3). Let p(t) = -t - 4. Determine p(k).
0
Let z be (-4 - -1 - 3)/((-10)/5). Let p(n) = 56*n**2 + n**z - 5*n + 14 - 11 - 49*n**2. Let h be (-4)/(-2 + 0) + -10. Determine p(h).
-21
Suppose -1 + 11 = 5*a, 0 = 3*y - 3*a + 9. Let u(s) be the first derivative of -2*s**3 - s**2/2 - 2*s - 8748. Determine u(y).
-7
Let u = -516 - -521. Let w(x) be the third derivative of -x**4/24 + 11*x**3/6 - 4*x**2. Give w(u).
6
Let x(s) = -4*s**2 - 3*s**2 - 2*s**3 + 5 + 3*s**3. Let r(p) = 8*p**2 + 79*p - 3. Let k be r(-10). Determine x(k).
5
Let m(i) = -73*i**2 - 4*i - 8. Let b(a) = -117*a**2 - 5*a - 12. Let c(f) = -5*b(f) + 8*m(f). Give c(6).
-10
Let d(k) = -11*k - 7*k**2 + 9*